{"id":2669,"date":"2023-12-23T16:59:52","date_gmt":"2023-12-23T13:59:52","guid":{"rendered":"https:\/\/fotoadnan.com\/?post_type=product&#038;p=2669"},"modified":"2024-01-01T01:29:40","modified_gmt":"2023-12-31T22:29:40","slug":"kina-cekimi","status":"publish","type":"product","link":"https:\/\/fotoadnan.com\/index.php\/urun\/kina-cekimi\/","title":{"rendered":"Sadece K\u0131na \u00c7ekimi"},"content":{"rendered":"<p>\ud83d\udc8d <strong>K\u0131na Foto\u011fraf Paketi &#8211; Unutulmaz An\u0131lar\u0131n\u0131z \u0130\u00e7in!<\/strong><\/p>\n<p>Profesyonel foto\u011fraf\u00e7\u0131lar\u0131m\u0131zla k\u0131na g\u00fcn\u00fcn\u00fcz\u00fc \u00f6l\u00fcms\u00fczle\u015ftirin. Do\u011fal ve samimi anlar\u0131n\u0131z\u0131 yakalayarak \u00f6zel alb\u00fcm\u00fcn\u00fcz\u00fc olu\u015fturuyoruz.<\/p>\n<p>\ud83d\udcf8 <strong>Hizmet Detaylar\u0131:<\/strong><\/p>\n<ul>\n<li>Serbest foto\u011fraf \u00e7ekimi<\/li>\n<li>Y\u00fcksek \u00e7\u00f6z\u00fcn\u00fcrl\u00fckl\u00fc dijital alb\u00fcm<\/li>\n<li>\u00d6zel konseptlere uygun \u00e7ekim se\u00e7enekleri<\/li>\n<\/ul>\n","protected":false},"excerpt":{"rendered":"<div class=\"wapf-field-label wapf--above\">\n<hr \/>\n<div class=\"wapf-field-label wapf--above\">\n<p><strong><label>Hizmetler<\/label><\/strong><\/p>\n<\/div>\n<ul>\n<li style=\"text-align: left;\"><span style=\"font-size: 16px; color: #000000;\">Foto\u011fraf \u00c7ekimi \u2714\ufe0f<\/span><\/li>\n<li style=\"text-align: left;\"><span style=\"font-size: 16px; color: #000000;\">Dijital Foto\u011fraf Teslim \u2714\ufe0f<\/span><\/li>\n<\/ul>\n<p><strong><label>\u00a0<\/label><\/strong><\/p>\n<\/div>\n","protected":false},"featured_media":2944,"comment_status":"closed","ping_status":"closed","template":"","meta":{"_uag_custom_page_level_css":"","site-sidebar-layout":"default","site-content-layout":"","ast-site-content-layout":"default","site-content-style":"default","site-sidebar-style":"default","ast-global-header-display":"","ast-banner-title-visibility":"","ast-main-header-display":"","ast-hfb-above-header-display":"","ast-hfb-below-header-display":"","ast-hfb-mobile-header-display":"","site-post-title":"","ast-breadcrumbs-content":"","ast-featured-img":"","footer-sml-layout":"disabled","theme-transparent-header-meta":"enabled","adv-header-id-meta":"","stick-header-meta":"","header-above-stick-meta":"","header-main-stick-meta":"","header-below-stick-meta":"","astra-migrate-meta-layouts":"set","ast-page-background-enabled":"default","ast-page-background-meta":{"desktop":{"background-color":"","background-image":"","background-repeat":"repeat","background-position":"center center","background-size":"auto","background-attachment":"scroll","background-type":"","background-media":"","overlay-type":"","overlay-color":"","overlay-opacity":"","overlay-gradient":""},"tablet":{"background-color":"","background-image":"","background-repeat":"repeat","background-position":"center center","background-size":"auto","background-attachment":"scroll","background-type":"","background-media":"","overlay-type":"","overlay-color":"","overlay-opacity":"","overlay-gradient":""},"mobile":{"background-color":"","background-image":"","background-repeat":"repeat","background-position":"center center","background-size":"auto","background-attachment":"scroll","background-type":"","background-media":"","overlay-type":"","overlay-color":"","overlay-opacity":"","overlay-gradient":""}},"ast-content-background-meta":{"desktop":{"background-color":"var(--ast-global-color-5)","background-image":"","background-repeat":"repeat","background-position":"center center","background-size":"auto","background-attachment":"scroll","background-type":"","background-media":"","overlay-type":"","overlay-color":"","overlay-opacity":"","overlay-gradient":""},"tablet":{"background-color":"var(--ast-global-color-5)","background-image":"","background-repeat":"repeat","background-position":"center center","background-size":"auto","background-attachment":"scroll","background-type":"","background-media":"","overlay-type":"","overlay-color":"","overlay-opacity":"","overlay-gradient":""},"mobile":{"background-color":"var(--ast-global-color-5)","background-image":"","background-repeat":"repeat","background-position":"center center","background-size":"auto","background-attachment":"scroll","background-type":"","background-media":"","overlay-type":"","overlay-color":"","overlay-opacity":"","overlay-gradient":""}}},"product_brand":[],"product_cat":[21],"product_tag":[],"class_list":{"0":"post-2669","1":"product","2":"type-product","3":"status-publish","4":"has-post-thumbnail","6":"product_cat-genel","7":"desktop-align-center","8":"tablet-align-left","9":"mobile-align-left","11":"first","12":"instock","13":"sale","14":"sold-individually","15":"shipping-taxable","16":"purchasable","17":"product-type-simple"},"uagb_featured_image_src":{"full":["https:\/\/fotoadnan.com\/wp-content\/uploads\/2023\/12\/ADNN4040-scaled.jpg",1707,2560,false],"thumbnail":["https:\/\/fotoadnan.com\/wp-content\/uploads\/2023\/12\/ADNN4040-150x150.jpg",150,150,true],"medium":["https:\/\/fotoadnan.com\/wp-content\/uploads\/2023\/12\/ADNN4040-200x300.jpg",200,300,true],"medium_large":["https:\/\/fotoadnan.com\/wp-content\/uploads\/2023\/12\/ADNN4040-768x1152.jpg",768,1152,true],"large":["https:\/\/fotoadnan.com\/wp-content\/uploads\/2023\/12\/ADNN4040-683x1024.jpg",683,1024,true],"1536x1536":["https:\/\/fotoadnan.com\/wp-content\/uploads\/2023\/12\/ADNN4040-1024x1536.jpg",1024,1536,true],"2048x2048":["https:\/\/fotoadnan.com\/wp-content\/uploads\/2023\/12\/ADNN4040-1365x2048.jpg",1365,2048,true],"wpstory-circle":["https:\/\/fotoadnan.com\/wp-content\/uploads\/2023\/12\/ADNN4040-86x86.jpg",86,86,true],"woocommerce_thumbnail":["https:\/\/fotoadnan.com\/wp-content\/uploads\/2023\/12\/ADNN4040-300x300.jpg",300,300,true],"woocommerce_single":["https:\/\/fotoadnan.com\/wp-content\/uploads\/2023\/12\/ADNN4040-600x900.jpg",600,900,true],"woocommerce_gallery_thumbnail":["https:\/\/fotoadnan.com\/wp-content\/uploads\/2023\/12\/ADNN4040-100x100.jpg",100,100,true]},"uagb_author_info":{"display_name":"Hasan \u00c7ahan","author_link":"https:\/\/fotoadnan.com\/index.php\/author\/"},"uagb_comment_info":0,"uagb_excerpt":"Hizmetler Foto\u011fraf \u00c7ekimi \u2714\ufe0f Dijital Foto\u011fraf Teslim \u2714\ufe0f \u00a0","jetpack_sharing_enabled":true,"_links":{"self":[{"href":"https:\/\/fotoadnan.com\/index.php\/wp-json\/wp\/v2\/product\/2669","targetHints":{"allow":["GET"]}}],"collection":[{"href":"https:\/\/fotoadnan.com\/index.php\/wp-json\/wp\/v2\/product"}],"about":[{"href":"https:\/\/fotoadnan.com\/index.php\/wp-json\/wp\/v2\/types\/product"}],"replies":[{"embeddable":true,"href":"https:\/\/fotoadnan.com\/index.php\/wp-json\/wp\/v2\/comments?post=2669"}],"wp:featuredmedia":[{"embeddable":true,"href":"https:\/\/fotoadnan.com\/index.php\/wp-json\/wp\/v2\/media\/2944"}],"wp:attachment":[{"href":"https:\/\/fotoadnan.com\/index.php\/wp-json\/wp\/v2\/media?parent=2669"}],"wp:term":[{"taxonomy":"product_brand","embeddable":true,"href":"https:\/\/fotoadnan.com\/index.php\/wp-json\/wp\/v2\/product_brand?post=2669"},{"taxonomy":"product_cat","embeddable":true,"href":"https:\/\/fotoadnan.com\/index.php\/wp-json\/wp\/v2\/product_cat?post=2669"},{"taxonomy":"product_tag","embeddable":true,"href":"https:\/\/fotoadnan.com\/index.php\/wp-json\/wp\/v2\/product_tag?post=2669"}],"curies":[{"name":"wp","href":"https:\/\/api.w.org\/{rel}","templated":true}]}}